{"id":9413,"date":"2025-01-19T22:10:00","date_gmt":"2025-01-19T22:10:00","guid":{"rendered":"https:\/\/aicon-fest.pl\/?page_id=9413"},"modified":"2025-03-18T11:39:16","modified_gmt":"2025-03-18T11:39:16","slug":"koncerty-i-wystepy","status":"publish","type":"page","link":"https:\/\/aicon-fest.pl\/index.php\/koncerty-i-wystepy\/","title":{"rendered":"Koncerty i Wyst\u0119py"},"content":{"rendered":"\n<div style=\"height:100px\" aria-hidden=\"true\" class=\"wp-block-spacer\"><\/div>\n\n\n\n<div class=\"wp-block-media-text is-stacked-on-mobile\"><figure class=\"wp-block-media-text__media\"><img loading=\"lazy\" decoding=\"async\" width=\"664\" height=\"1024\" src=\"https:\/\/aicon-fest.pl\/wp-content\/uploads\/2025\/03\/ayo1-1-scaled-664x1024.jpg\" alt=\"\" class=\"wp-image-9767 size-full\" srcset=\"https:\/\/aicon-fest.pl\/wp-content\/uploads\/2025\/03\/ayo1-1-scaled-664x1024.jpg 664w, https:\/\/aicon-fest.pl\/wp-content\/uploads\/2025\/03\/ayo1-1-scaled-195x300.jpg 195w, https:\/\/aicon-fest.pl\/wp-content\/uploads\/2025\/03\/ayo1-1-768x1185.jpg 768w, https:\/\/aicon-fest.pl\/wp-content\/uploads\/2025\/03\/ayo1-1-scaled-996x1536.jpg 996w, https:\/\/aicon-fest.pl\/wp-content\/uploads\/2025\/03\/ayo1-1-scaled-1328x2048.jpg 1328w, https:\/\/aicon-fest.pl\/wp-content\/uploads\/2025\/03\/ayo1-1-scaled.jpg 1660w\" sizes=\"auto, (max-width: 664px) 100vw, 664px\" \/><\/figure><div class=\"wp-block-media-text__content\">\n<p class=\"has-medium-font-size\"><strong>\ud835\ude46\ud835\ude64\ud835\ude63\ud835\ude58\ud835\ude5a\ud835\ude67\ud835\ude69 \ud835\ude57\ud835\ude56\ud835\ude67\ud835\ude59\ud835\ude6e\ud835\ude58\ud835\ude60\ud835\ude5e\ud835\ude58\ud835\ude5d \ud835\ude64\ud835\ude65\ud835\ude64\ud835\ude6c\ud835\ude5e\ud835\ude5a\ud835\ude68\u0301\ud835\ude58\ud835\ude5e od AYO<\/strong><\/p>\n\n\n\n<p>Czy marzyli\u015bcie kiedy\u015b o w\u0119drownej tawernie, w kt\u00f3rej przy d\u017awi\u0119kach strun bardowie opowiadaj\u0105 historie bohater\u00f3w i legend? Z dostarczeniem budynku tawerny b\u0119dzie ci\u0119\u017cko\u2026 ale z d\u017awi\u0119kami ju\u017c nie! Zapraszamy na kameralny koncert w klimacie fantasy, gdzie Ayo i Helper zabior\u0105 Was w muzyczn\u0105 podr\u00f3\u017c przez \u015bwiaty Skyrima, Baldur\u2019s Gate 3, Dragon Age czy Wied\u017amina 3. Us\u0142yszycie kultowe ballady w akustycznym brzmieniu \u2013 po polsku i angielsku \u2013 przy akompaniamencie gitary i basu akustycznego. Ciep\u0142e \u015bwiat\u0142o \u015bwiec, d\u017awi\u0119k strun i opowie\u015bci zapisane w nutach\u2026 Brzmi jak magia? Przekonajcie si\u0119 sami!<\/p>\n<\/div><\/div>\n\n\n\n<div style=\"height:100px\" aria-hidden=\"true\" class=\"wp-block-spacer\"><\/div>\n\n\n\n<hr class=\"wp-block-separator has-alpha-channel-opacity\"\/>\n\n\n\n<div style=\"height:100px\" aria-hidden=\"true\" class=\"wp-block-spacer\"><\/div>\n\n\n\n<div class=\"wp-block-media-text is-stacked-on-mobile\" style=\"grid-template-columns:67% auto\"><figure class=\"wp-block-media-text__media\"><img loading=\"lazy\" decoding=\"async\" width=\"817\" height=\"554\" src=\"https:\/\/aicon-fest.pl\/wp-content\/uploads\/2025\/03\/obraz_2025-03-18_123119724.png\" alt=\"\" class=\"wp-image-9766 size-full\" srcset=\"https:\/\/aicon-fest.pl\/wp-content\/uploads\/2025\/03\/obraz_2025-03-18_123119724.png 817w, https:\/\/aicon-fest.pl\/wp-content\/uploads\/2025\/03\/obraz_2025-03-18_123119724-300x203.png 300w, https:\/\/aicon-fest.pl\/wp-content\/uploads\/2025\/03\/obraz_2025-03-18_123119724-768x521.png 768w\" sizes=\"auto, (max-width: 817px) 100vw, 817px\" \/><\/figure><div class=\"wp-block-media-text__content\">\n<p>Wyst\u0119p muzyczno-taneczny grupy <strong>Milky Way Heroes<\/strong> <\/p>\n\n\n\n<p><strong>MORE MORE JUMP! z gry PROJECT SEKAI<\/strong><\/p>\n\n\n\n<p>Dziewczyny o\u017cywi\u0105 dobrze znane Wam postaci z kultowej gry i b\u0119dziecie mogli do\u015bwiadczy\u0107 namiastki ich koncertu na \u017cywo! Poka\u017c\u0105 wachlarz swoich mo\u017cliwo\u015bci ta\u0144cz\u0105c do najpopularniejszych hit\u00f3w grupy MORE MORE JUMP! i nie tylko. Nie zabraknie r\u00f3wnie\u017c znanych vocaloid\u00f3w, w tym Hatsune Miku. Przygotujcie lightsticki i oszcz\u0119dzajcie g\u0142osy, bo b\u0119d\u0105 wam potrzebne na ich wyst\u0119pie!<\/p>\n<\/div><\/div>\n\n\n\n<div style=\"height:100px\" aria-hidden=\"true\" class=\"wp-block-spacer\"><\/div>\n\n\n\n<hr class=\"wp-block-separator has-alpha-channel-opacity\"\/>\n\n\n\n<div style=\"height:100px\" aria-hidden=\"true\" class=\"wp-block-spacer\"><\/div>\n\n\n\n<div class=\"wp-block-media-text is-stacked-on-mobile\" style=\"grid-template-columns:71% auto\"><figure class=\"wp-block-media-text__media\"><img loading=\"lazy\" decoding=\"async\" width=\"1024\" height=\"576\" src=\"https:\/\/aicon-fest.pl\/wp-content\/uploads\/2025\/03\/Zdjecie-Rakowski-Radomir-pianino-1-1-scaled-1024x576.jpg\" alt=\"\" class=\"wp-image-9771 size-full\" srcset=\"https:\/\/aicon-fest.pl\/wp-content\/uploads\/2025\/03\/Zdjecie-Rakowski-Radomir-pianino-1-1-scaled-1024x576.jpg 1024w, https:\/\/aicon-fest.pl\/wp-content\/uploads\/2025\/03\/Zdjecie-Rakowski-Radomir-pianino-1-1-scaled-300x169.jpg 300w, https:\/\/aicon-fest.pl\/wp-content\/uploads\/2025\/03\/Zdjecie-Rakowski-Radomir-pianino-1-1-768x432.jpg 768w, https:\/\/aicon-fest.pl\/wp-content\/uploads\/2025\/03\/Zdjecie-Rakowski-Radomir-pianino-1-1-scaled-1536x864.jpg 1536w, https:\/\/aicon-fest.pl\/wp-content\/uploads\/2025\/03\/Zdjecie-Rakowski-Radomir-pianino-1-1-scaled-2048x1152.jpg 2048w\" sizes=\"auto, (max-width: 1024px) 100vw, 1024px\" \/><\/figure><div class=\"wp-block-media-text__content\">\n<p><strong>Koncert fortepianowy <\/strong><\/p>\n\n\n\n<p>Zapraszamy na koncert Radomira Rakowskiego na pianinie. W repertuarze najpi\u0119kniejsze melodie z muzyki fantasy i anime (m.in. filmy Miyazakiego, Gwiezdne Wojny, Pokemon, Evangelion, Piraci z Karaib\u00f3w), jak r\u00f3wnie\u017c kilka autorskich kompozycji. B\u0119dzie nastrojowo, \u017cywio\u0142owo, lirycznie &#8211; ale przede wszystkim pi\u0119knie.<\/p>\n<\/div><\/div>\n\n\n\n<div style=\"height:100px\" aria-hidden=\"true\" class=\"wp-block-spacer\"><\/div>\n\n\n\n<hr class=\"wp-block-separator has-alpha-channel-opacity\"\/>\n\n\n\n<div style=\"height:100px\" aria-hidden=\"true\" class=\"wp-block-spacer\"><\/div>\n","protected":false},"excerpt":{"rendered":"<p>\ud835\ude46\ud835\ude64\ud835\ude63\ud835\ude58\ud835\ude5a\ud835\ude67\ud835\ude69 \ud835\ude57\ud835\ude56\ud835\ude67\ud835\ude59\ud835\ude6e\ud835\ude58\ud835\ude60\ud835\ude5e\ud835\ude58\ud835\ude5d \ud835\ude64\ud835\ude65\ud835\ude64\ud835\ude6c\ud835\ude5e\ud835\ude5a\ud835\ude68\u0301\ud835\ude58\ud835\ude5e od AYO Czy marzyli\u015bcie kiedy\u015b o w\u0119drownej tawernie, w kt\u00f3rej przy d\u017awi\u0119kach strun bardowie opowiadaj\u0105 historie bohater\u00f3w i legend? Z dostarczeniem budynku tawerny b\u0119dzie ci\u0119\u017cko\u2026 ale z d\u017awi\u0119kami ju\u017c nie! Zapraszamy na kameralny koncert w klimacie fantasy, gdzie Ayo i Helper zabior\u0105 Was w muzyczn\u0105 podr\u00f3\u017c przez \u015bwiaty Skyrima, Baldur\u2019s Gate 3,<br \/><a href=\"https:\/\/aicon-fest.pl\/index.php\/koncerty-i-wystepy\/\" class=\"more\">Read more<\/a><\/p>\n","protected":false},"author":1,"featured_media":0,"parent":0,"menu_order":0,"comment_status":"closed","ping_status":"closed","template":"","meta":{"footnotes":""},"class_list":["post-9413","page","type-page","status-publish","hentry"],"_links":{"self":[{"href":"https:\/\/aicon-fest.pl\/index.php\/wp-json\/wp\/v2\/pages\/9413","targetHints":{"allow":["GET"]}}],"collection":[{"href":"https:\/\/aicon-fest.pl\/index.php\/wp-json\/wp\/v2\/pages"}],"about":[{"href":"https:\/\/aicon-fest.pl\/index.php\/wp-json\/wp\/v2\/types\/page"}],"author":[{"embeddable":true,"href":"https:\/\/aicon-fest.pl\/index.php\/wp-json\/wp\/v2\/users\/1"}],"replies":[{"embeddable":true,"href":"https:\/\/aicon-fest.pl\/index.php\/wp-json\/wp\/v2\/comments?post=9413"}],"version-history":[{"count":5,"href":"https:\/\/aicon-fest.pl\/index.php\/wp-json\/wp\/v2\/pages\/9413\/revisions"}],"predecessor-version":[{"id":9773,"href":"https:\/\/aicon-fest.pl\/index.php\/wp-json\/wp\/v2\/pages\/9413\/revisions\/9773"}],"wp:attachment":[{"href":"https:\/\/aicon-fest.pl\/index.php\/wp-json\/wp\/v2\/media?parent=9413"}],"curies":[{"name":"wp","href":"https:\/\/api.w.org\/{rel}","templated":true}]}}