{"id":9141,"date":"2025-01-13T17:40:06","date_gmt":"2025-01-13T17:40:06","guid":{"rendered":"https:\/\/aicon-fest.pl\/?page_id=9141"},"modified":"2025-02-03T18:36:50","modified_gmt":"2025-02-03T18:36:50","slug":"konkurs-cosplay","status":"publish","type":"page","link":"https:\/\/aicon-fest.pl\/index.php\/konkurs-cosplay\/","title":{"rendered":"Konkurs cosplay"},"content":{"rendered":"\n<div style=\"height:100px\" aria-hidden=\"true\" class=\"wp-block-spacer\"><\/div>\n\n\n\n<p class=\"has-text-align-center has-large-font-size\"><strong>Zg\u0142o\u015b si\u0119 na konkurs cosplay <\/strong><\/p>\n\n\n\n<div style=\"height:100px\" aria-hidden=\"true\" class=\"wp-block-spacer\"><\/div>\n\n\n<div class=\"wp-block-image is-style-rounded\">\n<figure class=\"aligncenter size-large is-resized\"><img loading=\"lazy\" decoding=\"async\" width=\"1024\" height=\"682\" src=\"https:\/\/aicon-fest.pl\/wp-content\/uploads\/2025\/01\/469674369_566969826086560_1219173897085013234_n-1024x682.jpg\" alt=\"\" class=\"wp-image-9354\" style=\"width:682px;height:auto\" srcset=\"https:\/\/aicon-fest.pl\/wp-content\/uploads\/2025\/01\/469674369_566969826086560_1219173897085013234_n-1024x682.jpg 1024w, https:\/\/aicon-fest.pl\/wp-content\/uploads\/2025\/01\/469674369_566969826086560_1219173897085013234_n-300x200.jpg 300w, https:\/\/aicon-fest.pl\/wp-content\/uploads\/2025\/01\/469674369_566969826086560_1219173897085013234_n-768x511.jpg 768w, https:\/\/aicon-fest.pl\/wp-content\/uploads\/2025\/01\/469674369_566969826086560_1219173897085013234_n-1536x1022.jpg 1536w, https:\/\/aicon-fest.pl\/wp-content\/uploads\/2025\/01\/469674369_566969826086560_1219173897085013234_n.jpg 2048w\" sizes=\"auto, (max-width: 1024px) 100vw, 1024px\" \/><\/figure><\/div>\n\n\n<div style=\"height:100px\" aria-hidden=\"true\" class=\"wp-block-spacer\"><\/div>\n\n\n\n<p class=\"has-text-align-center has-medium-font-size\"><strong>Zg\u0142oszenia na Konkurs Cosplay wystartuj\u0105  03.02.2025<\/strong><\/p>\n\n\n\n<div style=\"height:100px\" aria-hidden=\"true\" class=\"wp-block-spacer\"><\/div>\n\n\n\n<div class=\"wp-block-buttons is-content-justification-center is-layout-flex wp-container-core-buttons-is-layout-1 wp-block-buttons-is-layout-flex\">\n<div class=\"wp-block-button has-custom-width wp-block-button__width-50\"><a class=\"wp-block-button__link has-text-align-center wp-element-button\" href=\"https:\/\/docs.google.com\/forms\/d\/1hBqDCakmoT1Y5rCPbx0QhWqjgqd_97VzZF2ZEChY4-A\/preview\">Zg\u0142o\u015b si\u0119 do konkursu cosplay <\/a><\/div>\n<\/div>\n\n\n\n<div style=\"height:100px\" aria-hidden=\"true\" class=\"wp-block-spacer\"><\/div>\n\n\n\n<div class=\"wp-block-buttons is-content-justification-center is-layout-flex wp-container-core-buttons-is-layout-2 wp-block-buttons-is-layout-flex\">\n<div class=\"wp-block-button has-custom-width wp-block-button__width-50 is-style-outline is-style-outline--1\"><a class=\"wp-block-button__link has-text-align-center wp-element-button\" href=\"https:\/\/drive.google.com\/file\/d\/1A0HOdWS5FlXJR287tB5DayAOYDFQXW7K\/view\">Regulamin konkursu cosplay<\/a><\/div>\n<\/div>\n\n\n\n<div style=\"height:100px\" aria-hidden=\"true\" class=\"wp-block-spacer\"><\/div>\n","protected":false},"excerpt":{"rendered":"<p>Zg\u0142o\u015b si\u0119 na konkurs cosplay Zg\u0142oszenia na Konkurs Cosplay wystartuj\u0105 03.02.2025 Zg\u0142o\u015b si\u0119 do konkursu cosplay Regulamin konkursu cosplay<br \/><a href=\"https:\/\/aicon-fest.pl\/index.php\/konkurs-cosplay\/\" class=\"more\">Read more<\/a><\/p>\n","protected":false},"author":1,"featured_media":0,"parent":0,"menu_order":0,"comment_status":"closed","ping_status":"closed","template":"","meta":{"footnotes":""},"class_list":["post-9141","page","type-page","status-publish","hentry"],"_links":{"self":[{"href":"https:\/\/aicon-fest.pl\/index.php\/wp-json\/wp\/v2\/pages\/9141","targetHints":{"allow":["GET"]}}],"collection":[{"href":"https:\/\/aicon-fest.pl\/index.php\/wp-json\/wp\/v2\/pages"}],"about":[{"href":"https:\/\/aicon-fest.pl\/index.php\/wp-json\/wp\/v2\/types\/page"}],"author":[{"embeddable":true,"href":"https:\/\/aicon-fest.pl\/index.php\/wp-json\/wp\/v2\/users\/1"}],"replies":[{"embeddable":true,"href":"https:\/\/aicon-fest.pl\/index.php\/wp-json\/wp\/v2\/comments?post=9141"}],"version-history":[{"count":7,"href":"https:\/\/aicon-fest.pl\/index.php\/wp-json\/wp\/v2\/pages\/9141\/revisions"}],"predecessor-version":[{"id":9472,"href":"https:\/\/aicon-fest.pl\/index.php\/wp-json\/wp\/v2\/pages\/9141\/revisions\/9472"}],"wp:attachment":[{"href":"https:\/\/aicon-fest.pl\/index.php\/wp-json\/wp\/v2\/media?parent=9141"}],"curies":[{"name":"wp","href":"https:\/\/api.w.org\/{rel}","templated":true}]}}