{"id":8332,"date":"2023-01-13T14:14:38","date_gmt":"2023-01-13T14:14:38","guid":{"rendered":"https:\/\/aicon-fest.pl\/?page_id=8332"},"modified":"2024-01-22T20:46:03","modified_gmt":"2024-01-22T20:46:03","slug":"konwentowy-poradnik","status":"publish","type":"page","link":"https:\/\/aicon-fest.pl\/index.php\/konwentowy-poradnik\/","title":{"rendered":"Konwentowy poradnik"},"content":{"rendered":"<section class=\"wpb-content-wrapper\"><p>[vc_row type=&#8221;full-width-section&#8221; parallax=&#8221;tt_parallax&#8221; parallax_image=&#8221;8925&#8243;][vc_column][vc_empty_space][vc_empty_space][vc_empty_space][vc_custom_heading text=&#8221;Pierwszy raz na konwencie? Oto nasz poradnik!&#8221; font_container=&#8221;tag:h2|font_size:30|text_align:center|color:%230a0a0a|line_height:36px&#8221; google_fonts=&#8221;font_family:Lusitana%3Aregular%2C700|font_style:400%20regular%3A400%3Anormal&#8221;]<style type=\"text\/css\" >#l_hsyxkxzjy8s2du8t1vrz.sc_line ,#l_hsyxkxzjy8s2du8t1vrz .sc_line { height:1px; background: #ffbabc; background: -moz-linear-gradient(90deg, #ffbabc 0%, #ff8488 100%); background: -webkit-gradient(linear, left top, right bottom, color-stop(0%,#ffbabc), color-stop(100%,#ff8488)); background: -webkit-linear-gradient(90deg, #ffbabc 0%,#ff8488 100%); background: -o-linear-gradient(90deg, #ffbabc 0%,#ff8488 100%); background: -ms-linear-gradient(90deg, #ffbabc 0%,#ff8488 100%); background: linear-gradient(90deg, #ffbabc 0%,#ff8488 100%);}#l_hsyxkxzjy8s2du8t1vrz.sc_line ,#l_hsyxkxzjy8s2du8t1vrz .sc_line{margin-left:auto!important; margin-right:auto!important;}#l_hsyxkxzjy8s2du8t1vrz {margin:0px 0 0px 0; padding:0;}<\/style><div class=\"clearfix\"><\/div><div id=\"l_hsyxkxzjy8s2du8t1vrz\"  class=\"sc_line rd_line_normal\" ><\/div>[vc_empty_space][\/vc_column][\/vc_row][vc_row][vc_column width=&#8221;1\/3&#8243; animation=&#8221;rda_bounceInDown&#8221;][vc_custom_heading text=&#8221;Co zabra\u0107?&#8221; font_container=&#8221;tag:h2|font_size:28|text_align:center|color:%23000000&#8243; google_fonts=&#8221;font_family:Lusitana%3Aregular%2C700|font_style:400%20regular%3A400%3Anormal&#8221;][vc_column_text]<span style=\"font-weight: 400;\">&#8211; je\u015bli nocujesz na konwencie, koniecznie zabierz \u015bpiw\u00f3r lub jaki\u015b koc, kt\u00f3rym mo\u017cesz si\u0119 przykry\u0107,<\/span><\/p>\n<p>&#8211; poduszka,<\/p>\n<p>&#8211; szczoteczka do z\u0119b\u00f3w i pasta,<\/p>\n<p>&#8211; przybory do mycia, r\u0119cznik, szampon itp.<\/p>\n<p><span style=\"font-weight: 400;\">&#8211; karimat\u0119<\/span><\/p>\n<p><span style=\"font-weight: 400;\">&#8211; dow\u00f3d to\u017csamo\u015bci (legitymacja, paszport, prawo jazdy)<\/span><\/p>\n<p><span style=\"font-weight: 400;\">&#8211; nie zapomnij o zgodzie rodzica, je\u015bli jeste\u015b osob\u0105 niepe\u0142noletni\u0105,<\/span><\/p>\n<p><span style=\"font-weight: 400;\">&#8211; pieni\u0105dze, tyle na ile mo\u017cesz sobie pozwoli\u0107,<\/span><\/p>\n<p><span style=\"font-weight: 400;\">&#8211; wygodne buty,<\/span><\/p>\n<p><span style=\"font-weight: 400;\">&#8211; co\u015b do picia, \u017ceby nie zapomnie\u0107 o nawodnieniu si\u0119,<\/span><\/p>\n<p><span style=\"font-weight: 400;\">&#8211; jedzenie je\u015bli nie planujesz kupowa\u0107 go na miejscu. Na naszej imprezie b\u0119d\u0105 dost\u0119pne punkty w kt\u00f3rych b\u0119dzie mo\u017cna zakupi\u0107 pyszne ciep\u0142e jak i zimne jedzenie.<\/span>[\/vc_column_text][\/vc_column][vc_column width=&#8221;1\/3&#8243;]<style type=\"text\/css\" >#l_dny21ptcn1qkitqhtrdw.sc_vline {background:#ffbabc; min-height:200px; width:2px;}#l_dny21ptcn1qkitqhtrdw{margin:0px auto 0px auto; padding:0;}<\/style><div class=\"clearfix\"><\/div><div id=\"l_dny21ptcn1qkitqhtrdw\"  class=\"sc_vline\" ><\/div>[\/vc_column][vc_column width=&#8221;1\/3&#8243;][vc_custom_heading text=&#8221;Jak si\u0119 przygotowa\u0107?&#8221; font_container=&#8221;tag:h2|font_size:28|text_align:center|color:%23000000&#8243; google_fonts=&#8221;font_family:Lusitana%3Aregular%2C700|font_style:400%20regular%3A400%3Anormal&#8221;][vc_column_text]<i><span style=\"font-weight: 400;\">&#8211; je\u015bli doje\u017cd\u017casz do Rybnika, koniecznie zaplanuj dojazd i powr\u00f3t z konwentu. Je\u015bli obawiasz si\u0119 o brak miejsc, najlepiej kupi\u0107 bilety na transport online. Jeste\u015b posiadaczem samochodu osobowego? Niestety na terenie szko\u0142y jest ca\u0142kowity zakaz parkowania.<br \/>\nW Rybniku znajduje si\u0119 ca\u0142kiem sporo publicznych miejsc parkingowych kt\u00f3re znajdziesz na tej stronie: <\/span><\/i><a href=\"https:\/\/www.rybnik.eu\/dla-mieszkancow\/komunikacja-i-transport\/parkingi-miejskie\"><span style=\"font-weight: 400;\">https:\/\/www.rybnik.eu\/dla-mieszkancow\/komunikacja-i-transport\/parkingi-miejskie<\/span><\/a><\/p>\n<p><i><span style=\"font-weight: 400;\">&#8211; zaplanuj sobie dzie\u0144 u\u017cywaj\u0105c naszego planu atrakcji (zostanie on udost\u0119pniony tydzie\u0144 przed wydarzeniem), zaznacz panele czy te\u017c konkursy na kt\u00f3re chcia\u0142by\u015b si\u0119 wybra\u0107,<\/span><\/i><\/p>\n<p>&#8211; koniecznie pami\u0119taj o przerwach w zabawie na posi\u0142ek i picie odpowiedniej ilo\u015bci p\u0142yn\u00f3w.[\/vc_column_text][\/vc_column][\/vc_row][vc_row type=&#8221;full-width-section&#8221; css=&#8221;.vc_custom_1673622708662{margin-bottom: 0px !important;padding-top: 20px !important;padding-bottom: 0px !important;}&#8221;][vc_column width=&#8221;1\/2&#8243; animation=&#8221;rda_bounceInLeft&#8221; css=&#8221;.vc_custom_1673621915118{padding-top: 55px !important;}&#8221;][vc_custom_heading text=&#8221;Zamieszczamy r\u00f3wnie\u017c pomocny filmik, kt\u00f3ry zosta\u0142 wykonany przez&#8221; font_container=&#8221;tag:h2|font_size:25|text_align:center|line_height:36px&#8221; google_fonts=&#8221;font_family:Lusitana%3Aregular%2C700|font_style:400%20regular%3A400%3Anormal&#8221;]<style type=\"text\/css\" >#b_5gojmsftlvkvrxsadd3a a{color:; background:; border-style:solid; border-color:; margin-top:0px; margin-bottom:0px;  margin-left:0px; margin-right:0px; font-weight:900; border-radius:3px;}#b_5gojmsftlvkvrxsadd3a a:hover{color: ; background:#cae0d3 ; border-color:#cae0d3;}<\/style><div class=\"ta_center tf_btn_pos\" id=\"b_5gojmsftlvkvrxsadd3a\" ><a class=\"rd_stroke_bt mediumlarge_rd_bt border_2px  \" href=\"https:\/\/www.youtube.com\/@VixxenaTV\" target=\"yes\"   >Vixxena<\/a><\/div>[\/vc_column][vc_column width=&#8221;1\/2&#8243;][vc_video link=&#8221;https:\/\/www.youtube.com\/watch?v=97ZE77hsjEA&#8221; align=&#8221;center&#8221; css_animation=&#8221;none&#8221;][\/vc_column][\/vc_row][vc_row type=&#8221;full-width-section&#8221; parallax=&#8221;tt_parallax&#8221; parallax_image=&#8221;8925&#8243; css=&#8221;.vc_custom_1704728869330{margin-bottom: 0px !important;padding-top: 20px !important;padding-bottom: 0px !important;}&#8221;][vc_column width=&#8221;2\/3&#8243; animation=&#8221;rda_bounceInLeft&#8221; css=&#8221;.vc_custom_1673621915118{padding-top: 55px !important;}&#8221;][vc_empty_space][vc_custom_heading text=&#8221;W razie innych pyta\u0144, polecamy odwiedzenie naszego FAQ lub zach\u0119camy do bezpo\u015bredniego kontaktu poprzez formularz kontaktowy&#8221; font_container=&#8221;tag:h2|font_size:20|text_align:center|line_height:36px&#8221; google_fonts=&#8221;font_family:Lusitana%3Aregular%2C700|font_style:400%20regular%3A400%3Anormal&#8221;][\/vc_column][vc_column width=&#8221;1\/3&#8243; animation=&#8221;rda_bounceInRight&#8221; css=&#8221;.vc_custom_1673621927294{padding-top: 40px !important;padding-bottom: 60px !important;}&#8221;][vc_empty_space]<style type=\"text\/css\" >#b_nt80rqsxwvnn2yt7wcv5 a{color:; background:; border-style:solid; border-color:; margin-top:0px; margin-bottom:0px;  margin-left:0px; margin-right:0px; font-weight:900; border-radius:3px;}#b_nt80rqsxwvnn2yt7wcv5 a:hover{color: ; background:#cae0d3 ; border-color:#cae0d3;}<\/style><div class=\"ta_right tf_btn_pos\" id=\"b_nt80rqsxwvnn2yt7wcv5\" ><a class=\"rd_stroke_bt mediumlarge_rd_bt border_2px  \" href=\"https:\/\/aicon-fest.pl\/index.php\/faq\/\" target=\"yes\"   >FAQ<\/a><\/div>[vc_empty_space]<style type=\"text\/css\" >#b_je9z41nnee035f7c59u3 a{color:; background:; border-style:solid; border-color:; margin-top:0px; margin-bottom:0px;  margin-left:0px; margin-right:0px; font-weight:900; border-radius:3px;}#b_je9z41nnee035f7c59u3 a:hover{color: ; background:#cae0d3 ; border-color:#cae0d3;}<\/style><div class=\"ta_right tf_btn_pos\" id=\"b_je9z41nnee035f7c59u3\" ><a class=\"rd_stroke_bt mediumlarge_rd_bt border_2px  \" href=\"https:\/\/aicon-fest.pl\/index.php\/kontakt\/\" target=\"yes\"   >KONTAKT<\/a><\/div>[\/vc_column][\/vc_row][vc_row type=&#8221;full-width-section&#8221; parallax=&#8221;tt_parallax&#8221; parallax_image=&#8221;8921&#8243; css=&#8221;.vc_custom_1704728255366{margin-bottom: 0px !important;padding-top: 20px !important;padding-bottom: 0px !important;background: #b8d6a4 url(https:\/\/aicon-fest.pl\/wp-content\/uploads\/2023\/01\/pastel-hearts-seamless-patternpictures-1912-1500&#215;1000-1.png?id=7602);}&#8221;][vc_column width=&#8221;2\/3&#8243; animation=&#8221;rda_bounceInLeft&#8221; css=&#8221;.vc_custom_1673619598955{padding-top: 55px !important;}&#8221; font_color=&#8221;#000000&#8243;][vc_custom_heading text=&#8221;KUP BILET NA WYDARZENIE JU\u017b DZI\u015a&#8221; font_container=&#8221;tag:h2|font_size:30|text_align:left|color:%23ffffff|line_height:36px&#8221; google_fonts=&#8221;font_family:Lustria%3Aregular|font_style:400%20regular%3A400%3Anormal&#8221; css=&#8221;.vc_custom_1705956261601{margin-bottom: 0px !important;}&#8221;][\/vc_column][vc_column width=&#8221;1\/3&#8243; animation=&#8221;rda_bounceInLeft&#8221; css=&#8221;.vc_custom_1673619596579{padding-top: 40px !important;padding-bottom: 60px !important;}&#8221; font_color=&#8221;#000000&#8243;]<style type=\"text\/css\" >#b_g54levmq8fdpy8rcrzic a{color:#ffffff; background:rgba(255,255,255,0.01); border-style:solid; border-color:#ffffff; margin-top:0px; margin-bottom:0px;  margin-left:0px; margin-right:0px; font-weight:900; border-radius:3px;}#b_g54levmq8fdpy8rcrzic a:hover{color:#ffffff ; background:#95eda5 ; border-color:#95eda5;}<\/style><div class=\"ta_right tf_btn_pos\" id=\"b_g54levmq8fdpy8rcrzic\" ><a class=\"rd_stroke_bt mediumlarge_rd_bt border_2px rda_pulse \" href=\"https:\/\/tubilet.online\/aicon\/\" target=\"yes\"   >KUP<\/a><\/div>[\/vc_column][\/vc_row]<\/p>\n<\/section>","protected":false},"excerpt":{"rendered":"<p>[vc_row type=&#8221;full-width-section&#8221; parallax=&#8221;tt_parallax&#8221; parallax_image=&#8221;8925&#8243;][vc_column][vc_empty_space][vc_empty_space][vc_empty_space][vc_custom_heading text=&#8221;Pierwszy raz na konwencie? Oto nasz poradnik!&#8221; font_container=&#8221;tag:h2|font_size:30|text_align:center|color:%230a0a0a|line_height:36px&#8221; google_fonts=&#8221;font_family:Lusitana%3Aregular%2C700|font_style:400%20regular%3A400%3Anormal&#8221;][vc_empty_space][\/vc_column][\/vc_row][vc_row][vc_column width=&#8221;1\/3&#8243; animation=&#8221;rda_bounceInDown&#8221;][vc_custom_heading text=&#8221;Co zabra\u0107?&#8221; font_container=&#8221;tag:h2|font_size:28|text_align:center|color:%23000000&#8243; google_fonts=&#8221;font_family:Lusitana%3Aregular%2C700|font_style:400%20regular%3A400%3Anormal&#8221;][vc_column_text]&#8211; je\u015bli nocujesz na konwencie, koniecznie zabierz \u015bpiw\u00f3r lub jaki\u015b koc, kt\u00f3rym mo\u017cesz si\u0119 przykry\u0107, &#8211; poduszka, &#8211; szczoteczka do z\u0119b\u00f3w i pasta, &#8211; przybory do mycia, r\u0119cznik, szampon itp. &#8211; karimat\u0119 &#8211; dow\u00f3d to\u017csamo\u015bci (legitymacja, paszport,<br \/><a href=\"https:\/\/aicon-fest.pl\/index.php\/konwentowy-poradnik\/\" class=\"more\">Read more<\/a><\/p>\n","protected":false},"author":1,"featured_media":0,"parent":0,"menu_order":0,"comment_status":"closed","ping_status":"closed","template":"","meta":{"footnotes":""},"class_list":["post-8332","page","type-page","status-publish","hentry"],"_links":{"self":[{"href":"https:\/\/aicon-fest.pl\/index.php\/wp-json\/wp\/v2\/pages\/8332","targetHints":{"allow":["GET"]}}],"collection":[{"href":"https:\/\/aicon-fest.pl\/index.php\/wp-json\/wp\/v2\/pages"}],"about":[{"href":"https:\/\/aicon-fest.pl\/index.php\/wp-json\/wp\/v2\/types\/page"}],"author":[{"embeddable":true,"href":"https:\/\/aicon-fest.pl\/index.php\/wp-json\/wp\/v2\/users\/1"}],"replies":[{"embeddable":true,"href":"https:\/\/aicon-fest.pl\/index.php\/wp-json\/wp\/v2\/comments?post=8332"}],"version-history":[{"count":54,"href":"https:\/\/aicon-fest.pl\/index.php\/wp-json\/wp\/v2\/pages\/8332\/revisions"}],"predecessor-version":[{"id":8973,"href":"https:\/\/aicon-fest.pl\/index.php\/wp-json\/wp\/v2\/pages\/8332\/revisions\/8973"}],"wp:attachment":[{"href":"https:\/\/aicon-fest.pl\/index.php\/wp-json\/wp\/v2\/media?parent=8332"}],"curies":[{"name":"wp","href":"https:\/\/api.w.org\/{rel}","templated":true}]}}